{"id":31,"date":"2014-03-04T16:31:41","date_gmt":"2014-03-04T16:31:41","guid":{"rendered":"http:\/\/www.wildcatsmagazine.nl\/wpnl\/tijger\/"},"modified":"2025-04-11T16:52:53","modified_gmt":"2025-04-11T15:52:53","slug":"tijger","status":"publish","type":"page","link":"https:\/\/wildcatsmagazine.nl\/wpnl\/tijger\/","title":{"rendered":"Tijger (Panthera Tigris)"},"content":{"rendered":"<div class=\"wp-block-image\">\n<figure class=\"alignleft\"><img decoding=\"async\" src=\"http:\/\/www.wildcatsmagazine.nl\/images\/F1000043.JPG\" alt=\"\"\/><\/figure>\n<\/div>\n\n\n<p><\/p>\n\n\n\n<p>De tijger is de koning van de jungle, de meester van de sluipkunst en de krachtpatser tussen het kreupelhout. Met zijn soepele tred en zijn machtige kaken is de tijger het indrukwekkendste dier van het oerwoud. De Siberische tijger is daarbij de grootste levende kat ter wereld. Het is een dier met een zeldzame gratie en schoonheid. De kans dat je deze prachtige superkat in het wild zult tegenkomen is heel klein. Vroeger bestonden er acht ondersoorten van de tijger die allemaal in de wouden leefden in grote delen van Azi\u00eb.<\/p>\n\n\n\n<div style=\"height:0px\" aria-hidden=\"true\" class=\"wp-block-spacer\"><\/div>\n\n\n\n<p>De vijf ondersoorten die nu nog bestaan zijn alle tot bedreigde dieren verklaard:<\/p>\n\n\n\n<ul class=\"wp-block-list\">\n<li>Bengaalse tijger; dit is de tijger die nu nog het meest voorkomt. Ze leven in India, Bangladesh, Bhutan, China, Myanmar (Birma) en Nepal. De mannetjes worden twee\u00ebnhalf tot drie meter lang en ongeveer 200 kilo zwaar. Aantal: 3160 tot ruim 4700.<\/li>\n\n\n\n<li>Sumatraanse tijger; dit is de kleinste tijger die nog in leven is. Hij wordt max. 2.70 meter lang en 100 tot 150 kilo zwaar. Ze leven op Sumatra. De andere Indonesische tijgersoorten zijn uitgestorven. Aantal: 400 tot 500 stuks.<\/li>\n\n\n\n<li>Indo &#8211; Chinese tijger; deze tijger heeft het zwaar te verduren gehad tijdens de oorlog in Vietnam in de jaren zestig. Ze leven in Maleisi\u00eb, Thailand, Vietnam, China, Laos, Myanmar (Birma) en Cambodja. Aantal: 1000 tot 1850.<\/li>\n\n\n\n<li>Siberische tijger; met zijn lengte van vier meter (neus tot staartpunt) en zijn gewicht van 350 kilo is dit de grootste van alle tijgers en dus ook van alle katten. Ze leven in het Amoer &#8211; gebied in Rusland en waarschijnlijk komen er ook nog een stuk of tien in Noord Korea voor. Aantal: 445 tot 500. Merendeel van deze tijgers leven in dierentuinen.<\/li>\n\n\n\n<li>Zuid Chinese tijger; deze tijger is enorm vervolgd door de Chinese boeren en daardoor zo goed als uitgestorven. Lange tijd werd gedacht dat er nog enkele Chinese tijgers in het wild leefden, maar deze kans is zeer klein. De laatste tijger werd in 1969 in het wild gezien.<\/li>\n\n\n\n<li>Javaanse tijger, Kaspische tijger en Balinese tijger: UITGESTORVEN!!!<\/li>\n<\/ul>\n\n\n<div class=\"wp-block-image\">\n<figure class=\"alignleft\"><img decoding=\"async\" src=\"http:\/\/wildcatsmagazine.nl\/wpnl\/wp-content\/uploads\/2014\/03\/F1000056.jpg\" alt=\"\"\/><\/figure>\n<\/div>\n\n\n<p><\/p>\n\n\n\n<p><b>Strepen:<\/b><br>Een tijger heeft opvallende zwarte strepen. Door dit camouflagekleed valt hij niet op in het bos of in het hoge gras. Aan de tekening rond de kop kunnen onderzoekers elke tijger persoonlijk herkennen.<br>Tijgers die in koude streken leven, zoals de Siberische tijger, krijgen in de winter een dikkere vacht. Tijgers uit tropische streken hebben een veel kortere en dunnere beharing. Ook zoeken zij vaak het water op om verkoeling te vinden. Snorharen: Een tijger heeft lange, witte snorharen. Die helpen om de weg in het donker te vinden door het struikgewas. Ook gebruiken tijgers hun gevoelige haren bij het liefdesspel. Een tijger is \u00e9\u00e9n bonk spieren. Daardoor kan hij een prooi die zwaarder is dan hijzelf tegen de vlakte werken. Vervolgens kan de tijger zijn prooi over honderden meters afstand verslepen als het moet.<\/p>\n\n\n<div class=\"wp-block-image\">\n<figure class=\"alignright\"><img decoding=\"async\" src=\"http:\/\/www.wildcatsmagazine.nl\/images\/tijger20.JPG\" alt=\"\"\/><\/figure>\n<\/div>\n\n\n<p><\/p>\n\n\n\n<p><b>Staart:<\/b><br>De staart van een tijger is vrij lang. De staart helpt hem in evenwicht te houden. Ook geeft de tijger (net als de andere katten) signalen met zijn staart. Als hij kwaad is slaat hij ermee heen en weer wat betekent: &#8220;En nu wegwezen!&#8221;<\/p>\n\n\n\n<p><b>Rug: <\/b><br>De tijger heeft een zeer soepele rug. Door hem te buigen kan hij zijn achterpoten tot ver voor zijn voorpoten brengen. Hierdoor kan hij supersnel sprinten en atletische sprongen maken, tot wel zes meter ver.<\/p>\n\n\n\n<p>Om de afstand tot een prooi in te schatten draaien tijgers beide ogen naar voren. De pupillen zijn rond net als bij een mens. Dus geen kattenogen. Om beweging aan de zijkanten op te merken, schuiven tijgers beide ogen naar achteren.<\/p>\n\n\n\n<div style=\"height:0px\" aria-hidden=\"true\" class=\"wp-block-spacer\"><\/div>\n\n\n<div class=\"wp-block-image\">\n<figure class=\"alignleft\"><img decoding=\"async\" src=\"http:\/\/www.wildcatsmagazine.nl\/images\/F1000076.JPG\" alt=\"\"\/><\/figure>\n<\/div>\n\n\n<p><\/p>\n\n\n\n<p><b>Gebit: <\/b><br>Dolkachtige hoektanden om een prooi mee vast te grijpen, puntige knipkiezen om het vlees uiteen te scheuren en zijtanden om eens lekker een botje mee af te schrapen.<\/p>\n\n\n\n<p><b>Nagels: <\/b><br>Net zoals de huiskat kan de tijger zijn nagels intrekken. Zo beschadigen ze niet bij het lopen. Voor het vangen van een prooi slaat hij zijn scherpe klauwen razendsnel uit. Soms krabt hij eens flink tegen een boom, waardoor een duidelijk spoor achterblijft.<\/p>\n\n\n<div class=\"wp-block-image\">\n<figure class=\"alignright\"><img decoding=\"async\" src=\"http:\/\/www.wildcatsmagazine.nl\/images\/Rhenen%2026.jpg\" alt=\"\"\/><\/figure>\n<\/div>\n\n\n<p><\/p>\n\n\n<div class=\"wp-block-image\">\n<figure class=\"aligncenter\"><img decoding=\"async\" src=\"http:\/\/www.wildcatsmagazine.nl\/images\/Rhenen%20140706%20013.jpg\" alt=\"\"\/><\/figure>\n<\/div>\n\n\n<p><b>Sociale banden: <\/b><br>Het schijnt dat tijgers geen sociale band hebben. Een familie bestaat meestal uit een moeder met jongen. Toch ziet men ook wel een paartje aan hetzelfde kadaver eten. De mannetjes blijven ook vaak in het territorium van de moeders met jongen en helpen mee ze te beschermen. Af en toe trekken de jongen juist naar de vader toe. In dierentuinen gaat het vaak ook prima om het hele gezin samen te huisvesten. Problemen beginnen meestal pas als de mannelijke jongen zelf volwassen worden en de strijd aangaan met hun vader. Sedert eeuwen worden er allerlei griezelige verhalen verzonnen over de tijger. Bijvoorbeeld dat hij een menseneter zou zijn. In werkelijkheid mijden ze liever ieder menselijk contact en vallen ze alleen aan als er geen uitweg is.<\/p>\n\n\n\n<div style=\"height:0px\" aria-hidden=\"true\" class=\"wp-block-spacer\"><\/div>\n\n\n\n<p><b>Leefgebied:<\/b><br>In tegenstelling tot de leeuw en de cheeta leeft de tijger bij voorkeur in bossen met een goede dekking. Hij is een eenzame jager die zijn prooi beloert, zich vervolgens op de prooi stort en met een beet in de keel doodt. Aangenomen wordt, dat er maar \u00e9\u00e9n op de tien aanvallen succes heeft. E\u00e9n enkele tijger heeft per jaar ongeveer 100 grote prooidieren van verschillende soorten nodig. Ook deze prooidieren hebben behoefte aan gezonde voeding, zuiver water en genoeg leefruimte zonder door mensen gestoord te worden. Voor de tijger zijn er steeds minder prooidieren beschikbaar door de voortdurende achteruitgang van onaangetaste natuurgebieden in Azi\u00eb.<\/p>\n\n\n<div class=\"wp-block-image\">\n<figure class=\"alignright\"><img loading=\"lazy\" decoding=\"async\" width=\"480\" height=\"320\" src=\"http:\/\/wildcatsmagazine.nl\/wpnl\/wp-content\/uploads\/2014\/03\/IMG_7980.jpg\" alt=\"Tiger and cub\" class=\"wp-image-1633\" srcset=\"https:\/\/wildcatsmagazine.nl\/wpnl\/wp-content\/uploads\/2014\/03\/IMG_7980.jpg 480w, https:\/\/wildcatsmagazine.nl\/wpnl\/wp-content\/uploads\/2014\/03\/IMG_7980-300x200.jpg 300w\" sizes=\"auto, (max-width: 480px) 100vw, 480px\" \/><\/figure>\n<\/div>\n\n\n<p><\/p>\n\n\n\n<p>Ondanks wereldomvattende beschermingsmaatregelen en het toenemende bewustzijn van het publiek, wordt de tijger nog steeds met uitsterven bedreigd. Stropers maken overal jacht op de tijger omdat de illegale handel in tijgervellen nog steeds hoge winsten oplevert. Verder hebben de tijgers hun koninkrijk verloren omdat veel van de bossen plaats moesten maken voor landbouwgrond. Bovendien zijn de tijgers door de eeuwen heen fel bejaagd. Inmiddels is de jacht in de landen waar tijgers voorkomen streng verboden, maar de stroperij gaat in het geniep nog keihard door. Om de tijgers te kunnen redden moet er zo snel mogelijk een einde komen aan de stroperij en illegale handel.<\/p>\n\n\n\n<div style=\"height:0px\" aria-hidden=\"true\" class=\"wp-block-spacer\"><\/div>\n\n\n<div class=\"wp-block-image\">\n<figure class=\"alignleft\"><img decoding=\"async\" src=\"http:\/\/www.wildcatsmagazine.nl\/images\/Rhenen%20140706%20121.jpg\" alt=\"\"\/><\/figure>\n<\/div>\n\n\n<p><b>Jaarlijkse census:<\/b><br>Jaarlijks worden de tijgers in de parken geteld (zgn. census). De aanwezigheid van tijgers wordt vastgesteld aan de hand van hun sporen; pootafdrukken, uitwerpselen en de krabsporen die ze achterlaten. Soms is er een brul te horen en heel af en toe laat een tijger zich zien. Het aantal tijgers dat buiten de parken leeft is moeilijk vast te stellen en deze zijn ook moeilijk te beschermen. Men kijkt nu hoe deze beter te beschermen zijn. Er wordt gedacht van het instellen van zgn. corridors, ofwel veilige gangen tussen de beschermde gebieden, waar zowel roofdieren als prooidieren zich veilig doorheen kunnen bewegen.<\/p>\n\n\n\n<figure class=\"wp-block-image\"><img loading=\"lazy\" decoding=\"async\" width=\"300\" height=\"201\" src=\"http:\/\/wildcatsmagazine.nl\/wpnl\/wp-content\/uploads\/2014\/03\/DSC00322-300x201.jpg\" alt=\"SONY DSC\" class=\"wp-image-1674\" srcset=\"https:\/\/wildcatsmagazine.nl\/wpnl\/wp-content\/uploads\/2014\/03\/DSC00322-300x201.jpg 300w, https:\/\/wildcatsmagazine.nl\/wpnl\/wp-content\/uploads\/2014\/03\/DSC00322.jpg 640w\" sizes=\"auto, (max-width: 300px) 100vw, 300px\" \/><\/figure>\n\n\n\n<div style=\"height:0px\" aria-hidden=\"true\" class=\"wp-block-spacer\"><\/div>\n\n\n<div class=\"wp-block-image\">\n<figure class=\"alignleft\"><img loading=\"lazy\" decoding=\"async\" width=\"480\" height=\"320\" src=\"http:\/\/wildcatsmagazine.nl\/wpnl\/wp-content\/uploads\/2014\/03\/IMG_7981-001.jpg\" alt=\"Tijger en jong\" class=\"wp-image-1634\" srcset=\"https:\/\/wildcatsmagazine.nl\/wpnl\/wp-content\/uploads\/2014\/03\/IMG_7981-001.jpg 480w, https:\/\/wildcatsmagazine.nl\/wpnl\/wp-content\/uploads\/2014\/03\/IMG_7981-001-300x200.jpg 300w\" sizes=\"auto, (max-width: 480px) 100vw, 480px\" \/><\/figure>\n<\/div>\n\n\n<p><\/p>\n\n\n\n<p>Dat de tijger moet blijven, daar zijn we het over eens, maar dan moet er nog heel veel gebeuren. Juist nu moeten we blijven knokken om dit prachtige, betoverende dier te behouden. Niet alleen in dierentuinen maar \u00f3\u00f3k in het wild: in zijn eigen Koninkrijk! NIEUWE FEITEN OVER DE ONDERSOORTEN VAN DE TIJGER? In het boek &#8220;How Many Tiger Subspecies&#8221; van Andrew Kitchener (o.a. lid van de &#8220;cat specialist group&#8221; van de IUCN = World Conservation Union) wordt naar voren gebracht dat er waarschijnlijk sprake is van maar drie ondersoorten van de tijger, waarvan er nog maar twee over zijn, de Panthera Tigris Tigris (die voorkomen in India, Indonesi\u00eb, China en Siberi\u00eb) en de Panthera Tigris Sondaica (Sumatra, Java, Bali en Borneo). De derde ondersoort Panthera Tigris Virgata (Kaspische tijger), is uitgestorven.<\/p>\n\n\n\n<div style=\"height:0px\" aria-hidden=\"true\" class=\"wp-block-spacer\"><\/div>\n\n\n\n<h3 class=\"wp-block-heading\">De witte tijger<\/h3>\n\n\n<div class=\"wp-block-image\">\n<figure class=\"alignleft\"><img decoding=\"async\" src=\"http:\/\/www.wildcatsmagazine.nl\/images\/Witte%20tijger1.jpg\" alt=\"\"\/><\/figure>\n<\/div>\n\n\n<p>Witte tijgers werden voor het eerst in het wild gesignaleerd tussen 1556-1605. In deze eeuw werden er ongeveer een dozijn witte tijgers in India gezien. Witte tijgers zijn geen albino&#8217;s maar hebben een afwijkend, wit gen. In nesten van &#8220;normaal&#8221; gekleurde tijgers kunnen ook witte tijgers geboren worden. Deze tijgers hebben in het wild alleen geen kans om te overleven door hun opvallende witte kleur. De eerste witte tijger werd in 1951 gevangen genomen in het Bandavgarh park te India, nadat zijn &#8220;normaal&#8221; gekleurde moeder, broertjes en zusjes gedood waren. Deze eerste witte tijger in gevangenschap heette Mohan. De meeste witte tijgers in gevangenschap hebben Mohan&#8217;s genen. De mensen zijn, ondanks grote kans op gezondheidsproblemen door inteelt, door blijven fokken met witte tijgers. Tegenwoordig zijn er niet alleen witte Bengaalse tijgers, maar ook witte Siberische tijgers in gevangenschap.<\/p>\n\n\n\n<div style=\"height:0px\" aria-hidden=\"true\" class=\"wp-block-spacer\"><\/div>\n\n\n\n<figure class=\"wp-block-image\"><img decoding=\"async\" src=\"http:\/\/www.wildcatsmagazine.nl\/images\/F1000031.JPG\" alt=\"\"\/><\/figure>\n\n\n\n<p><\/p>\n\n\n\n<figure class=\"wp-block-image\"><img loading=\"lazy\" decoding=\"async\" width=\"480\" height=\"320\" src=\"http:\/\/wildcatsmagazine.nl\/wpnl\/wp-content\/uploads\/2014\/03\/IMG_9415.jpg\" alt=\"IMG_9415\" class=\"wp-image-1636\" srcset=\"https:\/\/wildcatsmagazine.nl\/wpnl\/wp-content\/uploads\/2014\/03\/IMG_9415.jpg 480w, https:\/\/wildcatsmagazine.nl\/wpnl\/wp-content\/uploads\/2014\/03\/IMG_9415-300x200.jpg 300w\" sizes=\"auto, (max-width: 480px) 100vw, 480px\" \/><\/figure>\n\n\n\n<p><\/p>\n\n\n<div class=\"wp-block-image\">\n<figure class=\"alignleft\"><img loading=\"lazy\" decoding=\"async\" width=\"480\" height=\"320\" src=\"http:\/\/wildcatsmagazine.nl\/wpnl\/wp-content\/uploads\/2014\/03\/IMG_9225.jpg\" alt=\"IMG_9225\" class=\"wp-image-1635\" srcset=\"https:\/\/wildcatsmagazine.nl\/wpnl\/wp-content\/uploads\/2014\/03\/IMG_9225.jpg 480w, https:\/\/wildcatsmagazine.nl\/wpnl\/wp-content\/uploads\/2014\/03\/IMG_9225-300x200.jpg 300w\" sizes=\"auto, (max-width: 480px) 100vw, 480px\" \/><\/figure>\n<\/div>\n\n\n<p><\/p>\n\n\n\n<figure class=\"wp-block-image\"><img decoding=\"async\" src=\"http:\/\/wildcatsmagazine.nl\/wpnl\/wp-content\/uploads\/2014\/03\/gedodetijgersindonesie.jpg\" alt=\"\"\/><\/figure>\n\n\n\n<p><\/p>\n\n\n\n<p>&nbsp;<\/p>\n\n\n\n<p>Tekst en foto&#8217;s Copyright: Babette de Jonge, Wild Cats World.<\/p>\n","protected":false},"excerpt":{"rendered":"<p>De tijger is de koning van de jungle, de meester van de sluipkunst en de krachtpatser tussen het kreupelhout. Met zijn soepele tred en zijn machtige kaken is de tijger het indrukwekkendste dier van het oerwoud. De Siberische tijger is daarbij de grootste levende kat ter wereld. Het is een dier met een zeldzame gratie &#8230; <a title=\"Tijger (Panthera Tigris)\" class=\"read-more\" href=\"https:\/\/wildcatsmagazine.nl\/wpnl\/tijger\/\" aria-label=\"Lees meer over Tijger (Panthera Tigris)\">Lees meer<\/a><\/p>\n","protected":false},"author":2,"featured_media":0,"parent":0,"menu_order":0,"comment_status":"closed","ping_status":"closed","template":"","meta":{"footnotes":""},"class_list":["post-31","page","type-page","status-publish"],"yoast_head":"<!-- This site is optimized with the Yoast SEO plugin v27.3 - https:\/\/yoast.com\/product\/yoast-seo-wordpress\/ -->\n<title>Tijger (Panthera Tigris) - Wild Cats Magazine<\/title>\n<meta name=\"robots\" content=\"index, follow, max-snippet:-1, max-image-preview:large, max-video-preview:-1\" \/>\n<link rel=\"canonical\" href=\"https:\/\/wildcatsmagazine.nl\/wpnl\/tijger\/\" \/>\n<meta property=\"og:locale\" content=\"nl_NL\" \/>\n<meta property=\"og:type\" content=\"article\" \/>\n<meta property=\"og:title\" content=\"Tijger (Panthera Tigris) - Wild Cats Magazine\" \/>\n<meta property=\"og:description\" content=\"De tijger is de koning van de jungle, de meester van de sluipkunst en de krachtpatser tussen het kreupelhout. Met zijn soepele tred en zijn machtige kaken is de tijger het indrukwekkendste dier van het oerwoud. De Siberische tijger is daarbij de grootste levende kat ter wereld. Het is een dier met een zeldzame gratie ... Lees meer\" \/>\n<meta property=\"og:url\" content=\"https:\/\/wildcatsmagazine.nl\/wpnl\/tijger\/\" \/>\n<meta property=\"og:site_name\" content=\"Wild Cats Magazine\" \/>\n<meta property=\"article:publisher\" content=\"http:\/\/facebook.com\/pages\/Wild-Cats-World\/122586544451718\" \/>\n<meta property=\"article:modified_time\" content=\"2025-04-11T15:52:53+00:00\" \/>\n<meta property=\"og:image\" content=\"http:\/\/www.wildcatsmagazine.nl\/images\/F1000043.JPG\" \/>\n<meta name=\"twitter:label1\" content=\"Geschatte leestijd\" \/>\n\t<meta name=\"twitter:data1\" content=\"10 minuten\" \/>\n<script type=\"application\/ld+json\" class=\"yoast-schema-graph\">{\"@context\":\"https:\\\/\\\/schema.org\",\"@graph\":[{\"@type\":\"WebPage\",\"@id\":\"https:\\\/\\\/wildcatsmagazine.nl\\\/wpnl\\\/tijger\\\/\",\"url\":\"https:\\\/\\\/wildcatsmagazine.nl\\\/wpnl\\\/tijger\\\/\",\"name\":\"Tijger (Panthera Tigris) - Wild Cats Magazine\",\"isPartOf\":{\"@id\":\"https:\\\/\\\/wildcatsmagazine.nl\\\/wpnl\\\/#website\"},\"primaryImageOfPage\":{\"@id\":\"https:\\\/\\\/wildcatsmagazine.nl\\\/wpnl\\\/tijger\\\/#primaryimage\"},\"image\":{\"@id\":\"https:\\\/\\\/wildcatsmagazine.nl\\\/wpnl\\\/tijger\\\/#primaryimage\"},\"thumbnailUrl\":\"http:\\\/\\\/www.wildcatsmagazine.nl\\\/images\\\/F1000043.JPG\",\"datePublished\":\"2014-03-04T16:31:41+00:00\",\"dateModified\":\"2025-04-11T15:52:53+00:00\",\"inLanguage\":\"nl-NL\",\"potentialAction\":[{\"@type\":\"ReadAction\",\"target\":[\"https:\\\/\\\/wildcatsmagazine.nl\\\/wpnl\\\/tijger\\\/\"]}]},{\"@type\":\"ImageObject\",\"inLanguage\":\"nl-NL\",\"@id\":\"https:\\\/\\\/wildcatsmagazine.nl\\\/wpnl\\\/tijger\\\/#primaryimage\",\"url\":\"http:\\\/\\\/www.wildcatsmagazine.nl\\\/images\\\/F1000043.JPG\",\"contentUrl\":\"http:\\\/\\\/www.wildcatsmagazine.nl\\\/images\\\/F1000043.JPG\"},{\"@type\":\"WebSite\",\"@id\":\"https:\\\/\\\/wildcatsmagazine.nl\\\/wpnl\\\/#website\",\"url\":\"https:\\\/\\\/wildcatsmagazine.nl\\\/wpnl\\\/\",\"name\":\"Wild Cats Magazine\",\"description\":\"Welkom in de wereld van de vorstelijke katten\",\"publisher\":{\"@id\":\"https:\\\/\\\/wildcatsmagazine.nl\\\/wpnl\\\/#organization\"},\"potentialAction\":[{\"@type\":\"SearchAction\",\"target\":{\"@type\":\"EntryPoint\",\"urlTemplate\":\"https:\\\/\\\/wildcatsmagazine.nl\\\/wpnl\\\/?s={search_term_string}\"},\"query-input\":{\"@type\":\"PropertyValueSpecification\",\"valueRequired\":true,\"valueName\":\"search_term_string\"}}],\"inLanguage\":\"nl-NL\"},{\"@type\":\"Organization\",\"@id\":\"https:\\\/\\\/wildcatsmagazine.nl\\\/wpnl\\\/#organization\",\"name\":\"Wild Cats Magazine\",\"url\":\"https:\\\/\\\/wildcatsmagazine.nl\\\/wpnl\\\/\",\"logo\":{\"@type\":\"ImageObject\",\"inLanguage\":\"nl-NL\",\"@id\":\"https:\\\/\\\/wildcatsmagazine.nl\\\/wpnl\\\/#\\\/schema\\\/logo\\\/image\\\/\",\"url\":\"https:\\\/\\\/wildcatsmagazine.nl\\\/wpnl\\\/wp-content\\\/uploads\\\/2022\\\/01\\\/wcm-logo.png\",\"contentUrl\":\"https:\\\/\\\/wildcatsmagazine.nl\\\/wpnl\\\/wp-content\\\/uploads\\\/2022\\\/01\\\/wcm-logo.png\",\"width\":500,\"height\":65,\"caption\":\"Wild Cats Magazine\"},\"image\":{\"@id\":\"https:\\\/\\\/wildcatsmagazine.nl\\\/wpnl\\\/#\\\/schema\\\/logo\\\/image\\\/\"},\"sameAs\":[\"http:\\\/\\\/facebook.com\\\/pages\\\/Wild-Cats-World\\\/122586544451718\",\"https:\\\/\\\/x.com\\\/WildCatsWorld\",\"http:\\\/\\\/youtube.com\\\/WildCatsFilms\"]}]}<\/script>\n<!-- \/ Yoast SEO plugin. -->","yoast_head_json":{"title":"Tijger (Panthera Tigris) - Wild Cats Magazine","robots":{"index":"index","follow":"follow","max-snippet":"max-snippet:-1","max-image-preview":"max-image-preview:large","max-video-preview":"max-video-preview:-1"},"canonical":"https:\/\/wildcatsmagazine.nl\/wpnl\/tijger\/","og_locale":"nl_NL","og_type":"article","og_title":"Tijger (Panthera Tigris) - Wild Cats Magazine","og_description":"De tijger is de koning van de jungle, de meester van de sluipkunst en de krachtpatser tussen het kreupelhout. Met zijn soepele tred en zijn machtige kaken is de tijger het indrukwekkendste dier van het oerwoud. De Siberische tijger is daarbij de grootste levende kat ter wereld. Het is een dier met een zeldzame gratie ... Lees meer","og_url":"https:\/\/wildcatsmagazine.nl\/wpnl\/tijger\/","og_site_name":"Wild Cats Magazine","article_publisher":"http:\/\/facebook.com\/pages\/Wild-Cats-World\/122586544451718","article_modified_time":"2025-04-11T15:52:53+00:00","og_image":[{"url":"http:\/\/www.wildcatsmagazine.nl\/images\/F1000043.JPG","type":"","width":"","height":""}],"twitter_misc":{"Geschatte leestijd":"10 minuten"},"schema":{"@context":"https:\/\/schema.org","@graph":[{"@type":"WebPage","@id":"https:\/\/wildcatsmagazine.nl\/wpnl\/tijger\/","url":"https:\/\/wildcatsmagazine.nl\/wpnl\/tijger\/","name":"Tijger (Panthera Tigris) - Wild Cats Magazine","isPartOf":{"@id":"https:\/\/wildcatsmagazine.nl\/wpnl\/#website"},"primaryImageOfPage":{"@id":"https:\/\/wildcatsmagazine.nl\/wpnl\/tijger\/#primaryimage"},"image":{"@id":"https:\/\/wildcatsmagazine.nl\/wpnl\/tijger\/#primaryimage"},"thumbnailUrl":"http:\/\/www.wildcatsmagazine.nl\/images\/F1000043.JPG","datePublished":"2014-03-04T16:31:41+00:00","dateModified":"2025-04-11T15:52:53+00:00","inLanguage":"nl-NL","potentialAction":[{"@type":"ReadAction","target":["https:\/\/wildcatsmagazine.nl\/wpnl\/tijger\/"]}]},{"@type":"ImageObject","inLanguage":"nl-NL","@id":"https:\/\/wildcatsmagazine.nl\/wpnl\/tijger\/#primaryimage","url":"http:\/\/www.wildcatsmagazine.nl\/images\/F1000043.JPG","contentUrl":"http:\/\/www.wildcatsmagazine.nl\/images\/F1000043.JPG"},{"@type":"WebSite","@id":"https:\/\/wildcatsmagazine.nl\/wpnl\/#website","url":"https:\/\/wildcatsmagazine.nl\/wpnl\/","name":"Wild Cats Magazine","description":"Welkom in de wereld van de vorstelijke katten","publisher":{"@id":"https:\/\/wildcatsmagazine.nl\/wpnl\/#organization"},"potentialAction":[{"@type":"SearchAction","target":{"@type":"EntryPoint","urlTemplate":"https:\/\/wildcatsmagazine.nl\/wpnl\/?s={search_term_string}"},"query-input":{"@type":"PropertyValueSpecification","valueRequired":true,"valueName":"search_term_string"}}],"inLanguage":"nl-NL"},{"@type":"Organization","@id":"https:\/\/wildcatsmagazine.nl\/wpnl\/#organization","name":"Wild Cats Magazine","url":"https:\/\/wildcatsmagazine.nl\/wpnl\/","logo":{"@type":"ImageObject","inLanguage":"nl-NL","@id":"https:\/\/wildcatsmagazine.nl\/wpnl\/#\/schema\/logo\/image\/","url":"https:\/\/wildcatsmagazine.nl\/wpnl\/wp-content\/uploads\/2022\/01\/wcm-logo.png","contentUrl":"https:\/\/wildcatsmagazine.nl\/wpnl\/wp-content\/uploads\/2022\/01\/wcm-logo.png","width":500,"height":65,"caption":"Wild Cats Magazine"},"image":{"@id":"https:\/\/wildcatsmagazine.nl\/wpnl\/#\/schema\/logo\/image\/"},"sameAs":["http:\/\/facebook.com\/pages\/Wild-Cats-World\/122586544451718","https:\/\/x.com\/WildCatsWorld","http:\/\/youtube.com\/WildCatsFilms"]}]}},"_links":{"self":[{"href":"https:\/\/wildcatsmagazine.nl\/wpnl\/wp-json\/wp\/v2\/pages\/31","targetHints":{"allow":["GET"]}}],"collection":[{"href":"https:\/\/wildcatsmagazine.nl\/wpnl\/wp-json\/wp\/v2\/pages"}],"about":[{"href":"https:\/\/wildcatsmagazine.nl\/wpnl\/wp-json\/wp\/v2\/types\/page"}],"author":[{"embeddable":true,"href":"https:\/\/wildcatsmagazine.nl\/wpnl\/wp-json\/wp\/v2\/users\/2"}],"replies":[{"embeddable":true,"href":"https:\/\/wildcatsmagazine.nl\/wpnl\/wp-json\/wp\/v2\/comments?post=31"}],"version-history":[{"count":10,"href":"https:\/\/wildcatsmagazine.nl\/wpnl\/wp-json\/wp\/v2\/pages\/31\/revisions"}],"predecessor-version":[{"id":2136,"href":"https:\/\/wildcatsmagazine.nl\/wpnl\/wp-json\/wp\/v2\/pages\/31\/revisions\/2136"}],"wp:attachment":[{"href":"https:\/\/wildcatsmagazine.nl\/wpnl\/wp-json\/wp\/v2\/media?parent=31"}],"curies":[{"name":"wp","href":"https:\/\/api.w.org\/{rel}","templated":true}]}}